 What is the units digit of n?
0
Let g be 4/2 + (1 - -2) + -6. Let v(i) = 184*i**2 + i. Let y be v(g). Let j = -14 + y. What is the hundreds digit of j?
1
Let t = -22 + 26. Suppose 0 = -5*c, 5*c = -t*r - 0*r + 4924. What is the hundreds digit of r?
2
Let n = 33 - 56. Let z = 19 + n. What is the units digit of z*-10*5/40?
5
Let f = -64 + 88. Let z = -22 + f. Let y(q) = 49*q - 3. What is the tens digit of y(z)?
9
What is the thousands digit of (-212)/3*(-243 + 22 - 16)?
6
Let q = -79 + 57. Let h = 155 + q. Suppose 0 = 4*l - h - 551. What is the hundreds digit of l?
1
Let o(y) = -2344*y + 7222. What is the thousands digit of o(-16)?
4
Let s(k) be the second derivative of 11*k**4/12 - 2*k**3/3 + k**2 - 2*k. Suppose 5*c + 4*o + 1 = 0, 4*c - 5 = -o + 3. What is the units digit of s(c)?
9
Suppose -23195 = -6*v - 803. Suppose -2*i - 4*o + 2488 = -5*o, 2*o - v = -3*i. What is the thousands digit of i?
1
Let q(m) = 505*m**2 + 19*m + 55. What is the hundreds digit of q(-3)?
5
Suppose 2*j + 2*o - 6*o = 24902, 0 = 5*j + 5*o - 62285. What is the units digit of j?
5
Let r be (-54)/(-8) + ((-6)/(-8))/(-1). Let b(v) = -2*v**2 + 14*v - 10. Let c be b(r). Suppose h - 60 = -5*s, -s = -c*h + 208 - 88. What is the tens digit of h?
6
Suppose 38*b = 117457 - 26143. What is the hundreds digit of b?
4
Let n = 5306 + 3902. What is the thousands digit of n?
9
Let f = -94754 - -157972. What is the units digit of f?
8
Let m be 109 + 1/(2/(-10)). Suppose 0 = -14*x + 370 - m. What is the units digit of x?
9
Suppose 5*m = -0*m, -5*i + 3*m + 6520 = -12490. What is the units digit of i?
2
Suppose 2*n + g - 79 = 0, -n - 13*g + 38 = -14*g. Suppose -56*b = -n*b - 12257. What is the units digit of b?
1
What is the units digit of (288/288)/(1/14011)?
1
Suppose -6002886 = 87*i - 526*i. What is the hundreds digit of i?
6
Suppose 2641*w - 630 = 2655*w. Let a be 4/18 - 691/(-9). Let x = w + a. What is the units digit of x?
2
Suppose 73*s = 36*s + 29*s + 85336. What is the hundreds digit of s?
6
Let l = -4142 + 6294. Suppose 0 = s - 5*g - 1319, 4*s - 3099 = -5*g + l. What is the units digit of s?
4
Let d(a) = a**3 + a**2 + 101. Let i be d(0). Let c = i - 82. Let r(u) = u**3 - 19*u**2 + 3*u - 4. What is the units digit of r(c)?
3
Let n = 4543 - -2080. What is the units digit of n?
3
Suppose 23*s = 6*s + 37043. Suppose -s = -5*a + l, -5*l - 455 = -2*a + a. What is the hundreds digit of a?
4
Suppose 341 - 116 = -5*v. Let r = 44 + v. What is the units digit of r/(2/(-315)) + (-3)/(-6)?
8
What is the tens digit of (-6267)/((-8)/32*6)?
7
Suppose 0 = -23*j + 7315 + 445003. What is the units digit of j?
6
Let u(p) = -p**2 + 38*p - 132. Let f be 1034/47 + (-1 - -1). What is the hundreds digit of u(f)?
2
Let l = 416 + 846. Suppose 0 = 5*g - 4*p - 2096, -6*p + 4*p = 3*g - l. What is the tens digit of g?
2
Let w be (-6 - -5)*0 - (0 - 2). Suppose 0 = w*v - 0*v + 2. What is the units digit of ((-58)/(-8))/(v/(-8))?
8
Suppose 5*j - 4*s - 24 = 0, -s + 17 = 3*j - 11. What is the tens digit of 580 + (-2)/2 + j?
8
Let f = -63 - -76. What is the hundreds digit of 2600/f + (-4 - 2)?
1
Let t be (-4)/(-6)*(13 + -16) - 6. What is the hundreds digit of (-12)/t + 3/(48/2696)?
1
Let q be (8/3)/(-3 + (-56)/(-24)). What is the tens digit of 6/(10 + q)*314?
1
Suppose 4*a - 5*s - 27021 = 68718, 2*a - 47866 = 2*s. What is the units digit of a?
6
Suppose -7*k - 3*k + 9947 = -46723. What is the tens digit of k?
6
Suppose -3*h + 7 + 2 = 0. Suppose -6*m = -2*w - 2*m + 74, 0 = w + 3*m - 17. Suppose -2*o = -h*o + w. What is the tens digit of o?
2
Let m be 171/90 - (-1)/10. Let u be 1 + 1/m*-6. What is the units digit of (u/(-1) - 6)*138/(-4)?
8
Let y be 7/((-8)/(-8)) - 18. What is the tens digit of (-16880)/(-55) + (-1)/y?
0
Let s be 7 - 3 - (-819)/9. Suppose -4*y + 649 = -p, 3*y = 5*p + 413 + s. Let q = -113 + y. What is the units digit of q?
8
Let d = -32064 + 36673. What is the units digit of d?
9
Let n(h) = -h**3 - 11*h**2 + 35*h + 1. Suppose i - 9*i + 168 = 0. Suppose 21 = -3*p - i. What is the tens digit of n(p)?
9
Let r(b) = -49*b**3 + 6*b**2 - 7*b - 1. Let p be r(3). Let w = -653 - p. What is the tens digit of w?
3
Suppose 5*h = 5*q + 34395, 3*h + q + 762 = 21415. What is the units digit of h?
3
Let s(r) = r**2 + 36*r - 155. Let l be s(-40). Suppose -3*q + 793 = -5*u, -u + l*u = -3*q + 775. What is the tens digit of q?
6
Suppose 3*t - g = 4114, 2771 = 2*t + 59*g - 54*g. What is the hundreds digit of t?
3
Suppose 33873 = 4*z + 5*j, z - 4*j = -0*j + 8484. What is the hundreds digit of 3/12 + z/32?
2
Let p(d) = -d**2 - 4*d - 9. Let s be p(-4). What is the tens digit of (17 + s)/(2/11)?
4
Let l(x) = -46*x**3 - 2*x**2 - 18*x - 63. What is the units digit of l(-4)?
1
Let a be -3 + (-3 - -2) + 3. Let j be a/(-3) - 115/3 - -3. Let b = j + 42. What is the units digit of b?
7
Let t(h) = 7*h**3 - 337*h**2 + 115*h + 49. What is the units digit of t(48)?
5
Suppose 0 = -w + 2*o + 4195, -5*o + 0*o = -4*w + 16777. What is the tens digit of w?
9
Suppose 0 = -4*v + 5*m - 1541, 3*v = 4*m - 568 - 588. Let n = -190 - v. What is the units digit of n?
4
Let g(w) = 6*w**3 - 25*w**2 + 87*w - 21. What is the hundreds digit of g(7)?
4
Suppose 0 = 3*i - 4*i + 2. Suppose -i*c = -7*c + o, 4*o = 0. Suppose -3*q - 5 + 80 = c. What is the tens digit of q?
2
Let r = -10483 + 19587. What is the units digit of r?
4
Suppose 4*z + 5*z + 504 = 0. Let r = z + 113. What is the tens digit of r?
5
Let j be (-2050)/(-4)*(-5)/((-20)/16). Suppose -j = -3*q - 5*d + 394, -2*q + 1596 = -5*d. What is the units digit of q?
8
Let t = -33 - -114. Suppose -2*m = 2*b - 490, 2*m - t = -4*b + 905. Let w = b + -53. What is the hundreds digit of w?
1
Let a = 41672 + -20490. What is the units digit of a?
2
Let l be 8 - ((-1 + 3)*-4 - -4). Let y = 15 - l. Suppose -y*t + 143 = -2*t. What is the hundreds digit of t?
1
Let n(y) = -2512*y - 1352. What is the ten thousands digit of n(-5)?
1
Let n = 310 + 8440. What is the tens digit of n?
5
Let t = -208 - -285. What is the units digit of (-21)/6*(-44)/t?
2
Suppose 2*o + 2*j - 11 = o, 0 = -4*j + 12. Suppose -3*g + 403 - 1220 = -5*k, -4*k - o*g = -624. What is the hundreds digit of k?
1
Let m(o) = o**2 - 20*o - 19. Let n be m(21). Suppose 2*d + 2*h = 612, d - 5*h + n*h = 314. What is the units digit of d?
8
What is the ten thousands digit of (-402586)/(-12) + (13 - 1925/150)?
3
What is the thousands digit of (29055/104)/(14/112)?
2
Suppose 25 = 4*a + j + 87, -2*a = -2*j + 26. What is the units digit of (17 + a)/((-2)/(-367))?
7
Let n(o) = 388*o + 14492. What is the hundreds digit of n(146)?
1
What is the units digit of 393/(-6 - (-150)/20)?
2
Suppose 11*l + 1065 = 4*k, -5*k + 1296 = -6*l + 4*l. What is the hundreds digit of k?
2
Let a be (8/(-12) - 0)/((-8)/(-84)). Let v(n) = -3*n**3 - 3*n**2 + 11*n - 45. What is the tens digit of v(a)?
6
Suppose 22*v - 42900 = -33*v - 23*v. What is the units digit of v?
0
Suppose -5*r - 2 = -2*j, -2*r - 5*j + 5 = -r. Let c be (r - -4) + -4 - -16. Suppose -22*a + 636 = -c*a. What is the units digit of a?
6
What is the units digit of (9 - 1149 - 6)*(-4)/2?
2
Let y = -19169 + 29442. What is the ten thousands digit of y?
1
Suppose -4*n - 16 = -4*g, n + 4*n - g + 4 = 0. Suppose 3*r = 3 - n, -z - 2*r + 4 = 0. What is the units digit of (-6)/(z*5/(-455))?
3
Suppose 3*o + 7 = -2. Let k be (-2)/6 - 10/o - -1. Let x(n) = 23*n + 9. What is the tens digit of x(k)?
0
Suppose 11*c - 88 + 33 = 0. Suppose -647 = -c*d + 578. Let n = d - -53. What is the hundreds digit of n?
2
Suppose -58*b + 1223112 - 892230 = -3476006. What is the units digit of b?
6
Let w(h) = h**3 - 8*h**2 - 17*h + 8. Let o be w(7). Let j = 95 + o. Let u = j + 80. What is the tens digit of u?
1
Let r(x) = 854*x**2 + 14*x - 85. What is the ten thousands digit of r(4)?
1
Let p = 130 - -19. Suppose 10*n - p = 101. Suppose -5*j - n = -10*j. What is the units digit of j?
5
Suppose -4*l - 9 = -3*a, 6*a = -l + a - 31. What is the units digit of 3 + -8 + l + 408?
7
Suppose -4*k = -j - 7*k + 7, -4*j + 39 = k. Let b be (-7720)/30*(j/(-4) + 1). Suppose -h = 5*f - b, -5*f - 4*h + 0*h = -374. What is the tens digit of f?
7
Let b(z) be the second derivative of -z**3/2 + 25*z**2/2 - 35*z. Let m be b(7). Suppose 5*x - 39 = -a, m*x + 6 = 2*x. What is the ten